{"id":204,"date":"2021-11-09T18:35:30","date_gmt":"2021-11-09T17:35:30","guid":{"rendered":"https:\/\/konopnamaryska.pl\/?page_id=204"},"modified":"2021-11-18T13:39:42","modified_gmt":"2021-11-18T12:39:42","slug":"polityka-prywatnosci","status":"publish","type":"page","link":"https:\/\/konopnamaryska.pl\/index.php\/polityka-prywatnosci\/","title":{"rendered":"Polityka prywatno\u015bci"},"content":{"rendered":"\n<h2 class=\"wp-block-heading\">Kim jeste\u015bmy<\/h2>\n\n\n\n<p>Serwis<a href=\"https:\/\/konopnamaryska.pl.\"> https:\/\/konopnamaryska.pl<\/a> (zwany r\u00f3wnie\u017c: Sklepem lub Sklepem Internetowym), jest w\u0142asno\u015bci\u0105 Gospodarstwa Ogrodniczego Miros\u0142aw Adamczuk, z siedzib\u0105 w Sitaniec Wolica 110, 22-400 Zamo\u015b\u0107, NIP: 9221488387, Regon: 950017203. Kontakt: konopnamaryska@gmail.com lub telefonicznie pod numerem 512 653588 \u2013 w dni robocze w godzinach od 11.00 do 17.00.<\/p>\n\n\n\n<p> <\/p>\n\n\n\n<h2 class=\"wp-block-heading\">1. <strong>Dane zbierane przez sklep internetowy<\/strong><\/h2>\n\n\n\n<ol class=\"wp-block-list\"><li><strong>Dane zbierane podczas rejestracji oraz transakcji zakupu:<br><\/strong>Ka\u017cdy Klient rejestruj\u0105c si\u0119 w Sklepie Internetowym dobrowolnie podaje swoje dane. Jednak\u017ce, brak zgody na przetwarzanie danych osobowych dla cel\u00f3w z\u0142o\u017cenia i realizacji zam\u00f3wienia uniemo\u017cliwia sk\u0142adanie zam\u00f3wie\u0144 w Sklepie Internetowym. Klient rejestruj\u0105c si\u0119 w Sklepie Internetowym podaje nazw\u0119 u\u017cytkownika, nazw\u0119 wy\u015bwietlan\u0105, has\u0142o zabezpieczaj\u0105ce konto Klienta<br>w Sklepie Internetowym, dane adresowe, imi\u0119 i nazwisko, telefon, adres poczty elektronicznej oraz opcjonalnie nazw\u0119 firmy oraz numer NIP. Nazwa u\u017cytkownika oraz has\u0142o winny by\u0107 strze\u017cone przez Klienta przed wykorzystaniem przez osoby trzecie.<\/li><li><strong>Dane zbierane automatycznie:<\/strong>                                                                                                                                        Podczas wizyty Klienta na stronie Sklepu Internetowego automatycznie zbierane s\u0105 dane adresu IP, nazwa domeny, typ przegl\u0105darki, typ systemu operacyjnego. Dane te mog\u0105 by\u0107 zbierane przez pliki \u201ecookies\u201d (tzw. \u201eciasteczka\u201d), system \u201eGoogle Analytics\u201d. Ponadto Sklep Internetowy zbiera r\u00f3wnie\u017c dane Klient\u00f3w, takie jak adres IP oraz adres e-mail.<\/li><\/ol>\n\n\n\n<h2 class=\"wp-block-heading\">2. <strong>Wykorzystywanie danych przez sklep internetowy<\/strong><\/h2>\n\n\n\n<ol class=\"wp-block-list\"><li>Administratorem danych osobowych Klient\u00f3w jest w\u0142asno\u015bci\u0105 Gospodarstwa Ogrodniczego Miros\u0142aw Adamczuk, z siedzib\u0105 w Sitaniec Wolica 110, 22-400 Zamo\u015b\u0107, NIP: 9221488387, Regon: 950017203. Dane podane przez Klienta podczas rejestracji s\u0105 wykorzystywane wy\u0142\u0105cznie do umo\u017cliwienia Klientowi zalogowania si\u0119 w Sklepie Internetowym oraz w celu realizacji zam\u00f3wienia.<\/li><li>Wszystkie dane osobowe klient\u00f3w Sklepu przechowywane s\u0105 na serwerach, kt\u00f3re zlokalizowane s\u0105 na terenie Polski<\/li><li>Administrator nie sprzedaje, nie udost\u0119pnia osobom trzecim danych osobowych b\u0105d\u017a adresowych U\u017cytkownik\u00f3w, bez ich wyra\u017aniej zgody. Jedynym przypadkiem, gdy b\u0119dziemy zobligowani to uczyni\u0107 b\u0119dzie wniosek s\u0105du, prokuratury, policji lub innego organu prawnego.<\/li><li>Dane podane przez Klienta podczas rejestracji s\u0105 wykorzystywane wy\u0142\u0105cznie do umo\u017cliwienia Klientowi zalogowania si\u0119 w Sklepie Internetowym oraz w celu realizacji zam\u00f3wienia.<\/li><li>Dane zbierane podczas transakcji zakupu s\u0105 wykorzystywane wy\u0142\u0105cznie w celu realizacji p\u0142atno\u015bci za z\u0142o\u017cone zam\u00f3wienie.<\/li><li>Dane Klienta udost\u0119pniane s\u0105 jedynie takim podmiotom jak firmy kurierskie, operatorom p\u0142atno\u015bci, ubezpieczycielom w celu realizacji zam\u00f3wienia.<\/li><li>Po wyra\u017ceniu zgody klienta dane zbierane s\u0105 do przesy\u0142ania informacji handlowych, oferowania us\u0142ug, produkt\u00f3w drog\u0105 elektroniczn\u0105 na podstawie udzielonej nam zgody marketingowej (podstawa z art. 6 ust. 1 lit. a RODO) w rozumieniu powszechnie obowi\u0105zuj\u0105cy przepis\u00f3w. Po wyra\u017ceniu zgody, mamy prawo przetwarza\u0107 Twoje dane do cel\u00f3w marketingowych tak\u017ce wtedy, gdy nie wi\u0105\u017ce ju\u017c nas umowa i jej skutki. Przetwarzaj\u0105c Twoje dane nie stosujemy zautomatyzowanego przetwarzania, w tym profilowania.<\/li><li>Dane zbierane poprzez bezpo\u015bredni kontakt Klienta ze Sklepem Internetowym przez stron\u0119 internetow\u0105 s\u0105 wykorzystywane wy\u0142\u0105cznie w celu prowadzenia korespondencji z Klientem<br>i ustosunkowania si\u0119 do zapytania Klienta.<\/li><\/ol>\n\n\n\n<h2 class=\"wp-block-heading\"><strong>3. Zabezpieczenie danych<\/strong><\/h2>\n\n\n\n<ol class=\"wp-block-list\"><li>Klient zobowi\u0105zany jest chroni\u0107 poufno\u015b\u0107 hase\u0142, kt\u00f3re wykorzystuje w Sklepie. Klient ponosi odpowiedzialno\u015b\u0107 za przekazanie has\u0142a i umo\u017cliwienie korzystania z konta przez osoby trzecie. Klient zobowi\u0105zuje si\u0119 zawiadamia\u0107 Sklep Internetowy niezw\u0142ocznie, licz\u0105c od dnia,<br>w kt\u00f3rym powzi\u0105\u0142 informacj\u0119 o korzystaniu z jego konta przez osoby nieupowa\u017cnione lub<br>o wszelkich innych znanych mu naruszeniach bezpiecze\u0144stwa.<\/li><li>Podj\u0119to stosowne kroki w celu zabezpieczenia podawanych na niej danych osobowych oraz w celu ich ochrony przed zgubieniem, nadu\u017cyciami, oraz dost\u0119pem, udost\u0119pnieniem, zmian\u0105 lub zniszczeniem bez zezwolenia.<\/li><li>Sklep Internetowy informuje, i\u017c wszelkie przekazane dane osobowe s\u0105 poufne oraz stosownie zabezpieczone przed udost\u0119pnieniem osobom trzecim.<\/li><\/ol>\n\n\n\n<h2 class=\"wp-block-heading\"><strong>4. Zmiana danych<\/strong><\/h2>\n\n\n\n<ul class=\"wp-block-list\"><li>Klientowi przys\u0142uguje prawo uzupe\u0142nienia, sprostowania, uaktualnienia, usuni\u0119cia danych osobowych, je\u017celi s\u0105 one niekompletne, nieaktualne, nieprawdziwe lub zosta\u0142y zebrane<\/li><li>z naruszeniem ustawy albo s\u0105 ju\u017c zb\u0119dne do realizacji celu, dla kt\u00f3rego zosta\u0142y zebrane. Pozosta\u0142e prawa i obowi\u0105zki Klienta w zakresie danych osobowych okre\u015bla ustawa<\/li><li>z dnia 10 maja 2018 r. o ochronie danych osobowych, a tak\u017ce Rozporz\u0105dzenie Parlamentu Europejskiego i&nbsp;Rady (UE) 2016\/679 z&nbsp;dnia 27 kwietnia 2016 r. w&nbsp;sprawie ochrony os\u00f3b fizycznych w&nbsp;zwi\u0105zku z&nbsp;przetwarzaniem danych osobowych i&nbsp;w sprawie swobodnego przep\u0142ywu takich danych oraz uchylenia dyrektywy 95\/46\/WE (og\u00f3lne rozporz\u0105dzenie o&nbsp;ochronie danych).<\/li><\/ul>\n\n\n\n<p>Zmianie nie podlegaj\u0105 dane u\u017cyte do transakcji zakupu, gdy\u017c s\u0105 one cz\u0119\u015bci\u0105 dokumentu ksi\u0119gowego oraz dane zbierane automatycznie. W dowolnej chwili Klient, kt\u00f3ry za\u0142o\u017cy\u0142 konto w Sklepie, mo\u017ce wnie\u015b\u0107 do Sklepu Internetowego wniosek o jego usuni\u0119cie. Usuni\u0119cie konta oznacza usuni\u0119cie wszelkich danych Klienta oraz jest nieodwracalne. \u017b\u0105danie Klienta zostanie zrealizowane do 14 dni od wniosku o usuni\u0119cie Konta. Sklep zobowi\u0105zuje si\u0119 do usuni\u0119cia danych osobowych, kt\u00f3re s\u0105 dla niego zb\u0119dne w terminach zgodnych z powszechnie obowi\u0105zuj\u0105cym prawem. Dane osobowe niezwi\u0105zane z zawarta transakcja lub podlegaj\u0105ce pod przepisy fiskalne b\u0119d\u0105 usuwane przez sklep w okresie 1 roku licz\u0105c od dnia ich pozyskania<\/p>\n\n\n\n<p>Klient Sklepu Internetowego \u2013 dane osobowe b\u0119d\u0105 przechowywane przez okres niezb\u0119dny dla realizacji transakcji w Sklepie Internetowym i rozpatrywania reklamacji oraz przez okres posiadania przez Pa\u0144stwa konta, nie d\u0142u\u017cej ni\u017c 3 lata od likwidacji konta w Sklepie Internetowym. Je\u017celi dokonuje Pani\/Pan transakcji bez zak\u0142adania konta w\u00f3wczas dane s\u0105 przechowywane przez okres 3 lat od dnia transakcji.<\/p>\n\n\n\n<p>Subskrybent Newslettera \u2013 dane osobowe b\u0119d\u0105 przechowywane przez okres subskrypcji Newslettera \u2013 do czasu cofni\u0119cia Pa\u0144stwa zgody na jego subskrypcj\u0119.<\/p>\n\n\n\n<p>Je\u017celi przepisy prawa b\u0119d\u0105 wymaga\u0142y wcze\u015bniejszego usuni\u0119cia Pa\u0144stwa danych osobowych lub d\u0142u\u017cszego ich przechowywania, Administrator zastosuje si\u0119 do takiego obowi\u0105zku prawnego<\/p>\n\n\n\n<p><\/p>\n\n\n\n<h2 class=\"wp-block-heading\"><strong>5.<\/strong> <strong>Przekazywanie i Udost\u0119pnianie Danych Osobowych<\/strong><\/h2>\n\n\n\n<ol class=\"wp-block-list\"><li>Korzystanie z niekt\u00f3rych Us\u0142ug mo\u017ce wi\u0105za\u0107 si\u0119 z udost\u0119pnieniem lub przekazaniem Danych Osobowych Klienta innym Klientom Sklepu Internetowego lub udost\u0119pnieniem lub przekazaniem Danych Osobowych poza Sklep Internetowy.<\/li><li>U\u017cytkownikowi przys\u0142uguje prawo do z\u0142o\u017cenia skargi do organu nadzorczego &nbsp;tj. Do Prezesa Urz\u0119du Ochrony Danych Osobowych- szczeg\u00f3\u0142y mo\u017cna znale\u017a\u0107 pod adresem: https:\/\/uodo.gov.pl\/pl\/83\/155.<\/li><li>Je\u015bli wskutek powy\u017cszego nast\u0105pi przekazanie Danych Osobowych innemu administratorowi, przetwarzania Danych Osobowych b\u0119dzie podlega\u0107 polityce ochrony prywatno\u015bci przyj\u0119tej przez takiego administratora.<\/li><li>Administrator mo\u017ce przekaza\u0107 lub udost\u0119pni\u0107 Dane Osobowe osobom trzecim w przypadku gdy:<\/li><\/ol>\n\n\n\n<ol class=\"wp-block-list\"><li>u\u017cytkownik wyrazi na to zgod\u0119 lub;<\/li><li>b\u0119dzie to uzasadnione przepisami prawa lub;<\/li><li>b\u0119dzie to niezb\u0119dne w celu \u015bwiadczenia Us\u0142ug.<\/li><\/ol>\n\n\n\n<h2 class=\"wp-block-heading\"><strong>6. Zmiana Polityki Prywatno\u015bci<\/strong><\/h2>\n\n\n\n<p>Sklep Internetowy zastrzega sobie prawo do zmiany niniejszej Polityki Prywatno\u015bci, o czym Klienci zostan\u0105 poinformowani z odpowiednim wyprzedzeniem, nie p\u00f3\u017aniej ni\u017c na 14 dni przed ich wprowadzeniem, poprzez zamieszczenie nowej tre\u015bci niniejszego dokumentu na stronie internetowej.<\/p>\n\n\n\n<h2 class=\"wp-block-heading\"><strong>7. <\/strong>PayU<\/h2>\n\n\n\n<p>Sklep internetowy przetwarza Pani\/Pana dane osobowe w nast\u0119puj\u0105cych celach:\u00a0 przekazania Pani\/Pana danych osobowych do PayU SA, ul. Grunwaldzka 186, 60-166 Pozna\u0144, nast\u0119pnie do odpowiedniego banku w\u00a0zwi\u0105zku z:\u00a0 \u015bwiadczeniem przez Bank na rzecz Sklepu internetowego us\u0142ugi udost\u0119pnienia infrastruktury do obs\u0142ugi p\u0142atno\u015bci przez Internet (podstawa prawna:\u00a0 art. 6 ust. 1 lit. f) Rozporz\u0105dzenia).\u00a0 obs\u0142ug\u0105 i rozliczaniem przez Bank p\u0142atno\u015bci dokonywanych przez klient\u00f3w Sklepu internetowego przez Internet przy u\u017cyciu instrument\u00f3w p\u0142atniczych\u00a0 (podstawa prawna: art. 6 ust. 1 lit. f) Rozporz\u0105dzenia).\u00a0 w celu weryfikacji przez Bank nale\u017cytego wykonania um\u00f3w zawartych ze Sklepem internetowym, w szczeg\u00f3lno\u015bci zapewnienia ochrony interes\u00f3w p\u0142atnik\u00f3w w zwi\u0105zku ze sk\u0142adanymi przez nich reklamacjami (podstawa prawna: art. 6 ust. 1 lit. f) Rozporz\u0105dzenia). przekazania Pani\/Pana danych osobowych do PayU SA, w zwi\u0105zku z\u00a0mo\u017cliwo\u015bci\u0105 zaproponowania dokonania zap\u0142aty za nabyty towar lub us\u0142ug\u0119 przez PAyU SA w ramach umowy zlecenia obejmuj\u0105cej formu\u0142\u0119 zakupow\u0105 i udost\u0119pnieniem tej formu\u0142y zakupowej przez Sklep internetowy, a tak\u017ce celu weryfikacji przez PayU SA  nale\u017cytego wykonania takich um\u00f3w zlecenie (podstawa prawna: art. 6 ust. 1 lit. f) Rozporz\u0105dzenia).\u00a0<\/p>\n\n\n\n<p>W zwi\u0105zku z przetwarzaniem danych osobowych w celach okre\u015blonych w ust. 3 i 4, Pani\/Pana dane osobowe mog\u0105 zosta\u0107 udost\u0119pnione przez Sklep internetowy innym odbiorcom lub kategoriom odbiorc\u00f3w danych osobowych, kt\u00f3rymi mog\u0105 by\u0107:<\/p>\n\n\n\n<p>PayU SA W przypadku, gdy podanie przez Pani\u0105\/Pana danych osobowych nast\u0119puje w celu zawarcia umowy ze Sklepem internetowym, podanie przez Pani\u0105\/Pana danych osobowych jest warunkiem zawarcia tej Umowy. Podanie danych osobowych w tej sytuacji jest dobrowolne, jednak konsekwencj\u0105 niepodania tych danych b\u0119dzie brak mo\u017cliwo\u015bci zawarcia umowy ze Sklepem internetowym.\u00a0<\/p>\n\n\n\n<p>W przypadku, gdy podanie przez Pani\u0105\/Pana danych osobowych nast\u0119puje w celu przekazania Pani\/Pana danych osobowych do PayU SA przed zawarciem umowy sprzeda\u017cy towaru (lub us\u0142ugi) nabywanego w Sklepie internetowym, przekazanie tych danych jest warunkiem zawarcia umowy sprzeda\u017cy w zwi\u0105zku modelem biznesowym prowadzenia dzia\u0142alno\u015bci przyj\u0119tym przez Sklep internetowy.\u00a0<\/p>\n\n\n\n<p>W przypadku przekazania Pani\/Pana danych osobowych do Banku w zwi\u0105zku z obs\u0142ug\u0105 i&nbsp;rozliczaniem p\u0142atno\u015bci dokonywanych przez Pani\u0105\/Pana p\u0142atno\u015bci na rzecz Sklepu internetowego przez Internet przy u\u017cyciu instrument\u00f3w p\u0142atniczych, podanie danych jest wymagane w celu realizacji p\u0142atno\u015bci i przekazania potwierdzenia jej dokonania przez Bank na rzecz Sklepu internetowego.&nbsp;<\/p>\n\n\n\n<p>W przypadku przekazania Pani\/Pana danych osobowych do Banku w celu weryfikacji przez Bank nale\u017cytego wykonania um\u00f3w zawartych ze Sklepem internetowym, w szczeg\u00f3lno\u015bci zapewnienia ochrony interes\u00f3w p\u0142atnik\u00f3w w zwi\u0105zku ze sk\u0142adanymi przez nich reklamacjami podanie tych danych jest wymagane w celu umo\u017cliwienia realizacji umowy zawartej pomi\u0119dzy Sklepem internetowym a Bankiem.&nbsp;<\/p>\n\n\n\n<p>W przypadku przekazania Pani\/Pana danych osobowych do PayU SA w zwi\u0105zku z mo\u017cliwo\u015bci\u0105 zaproponowania Pani\/Panu dokonania zap\u0142aty ceny za nabyty przez Pani\u0105\/Pana towar lub us\u0142ug\u0119 przez PayU SA w ramach umowy zlecenia obejmuj\u0105cej formu\u0142\u0119 zakupow\u0105 i udost\u0119pnieniem tej formu\u0142y przez Sklep internetowy, podanie tych danych i przetwarzanie ich w tym celu jest wymagane w zwi\u0105zku modelem biznesowym prowadzenia dzia\u0142alno\u015bci przyj\u0119tym przez Sklep internetowy i w celu realizacji umowy zawartej pomi\u0119dzy Sklepem internetowym a PayU SA<\/p>\n\n\n\n<h2 class=\"wp-block-heading\">Ciasteczka<\/h2>\n\n\n\n<p>Je\u015bli zostawisz na naszej witrynie komentarz, b\u0119dzie mo\u017cna wybra\u0107 opcj\u0119 zapisu twojej nazwy, adresu e-mail i adresu strony internetowej w ciasteczkach, dzi\u0119ki kt\u00f3rym podczas pisania kolejnych komentarzy powy\u017csze informacje b\u0119d\u0105 ju\u017c dogodnie uzupe\u0142nione. Ciasteczka wygasaj\u0105 po roku.<\/p>\n\n\n\n<p>Je\u015bli odwiedzisz stron\u0119 logowania, utworzymy tymczasowe ciasteczko na potrzeby sprawdzenia czy twoja przegl\u0105darka akceptuje ciasteczka. Nie zawiera ono \u017cadnych danych osobistych i zostanie usuni\u0119te, kiedy przegl\u0105darka zostanie zamkni\u0119ta.<\/p>\n\n\n\n<p>Podczas logowania tworzymy dodatkowo kilka ciasteczek potrzebnych do zapisu twoich informacji logowania oraz wybranych opcji ekranu. Ciasteczka logowania wygasaj\u0105 po dw\u00f3ch dniach, a opcji ekranu po roku. Je\u015bli zaznaczysz opcj\u0119 \u201ePami\u0119taj mnie\u201d, logowanie wyga\u015bnie po dw\u00f3ch tygodniach. Je\u015bli wylogujesz si\u0119 ze swojego konta, ciasteczka logowania zostan\u0105 usuni\u0119te.<\/p>\n\n\n\n<p>Je\u015bli zmodyfikujesz albo opublikujesz artyku\u0142, w twojej przegl\u0105darce zostanie zapisane dodatkowe ciasteczko. To ciasteczko nie zawiera \u017cadnych danych osobistych, wskazuj\u0105c po prostu na identyfikator przed chwil\u0105 edytowanego artyku\u0142u. Wygasa ono po 1 dniu.<\/p>\n\n\n\n<h2 class=\"wp-block-heading\">Osadzone tre\u015bci z innych witryn<\/h2>\n\n\n\n<p>Artyku\u0142y na tej witrynie mog\u0105 zawiera\u0107 osadzone tre\u015bci (np. filmy, obrazki, artyku\u0142y itp.). Osadzone tre\u015bci z innych witryn zachowuj\u0105 si\u0119 analogicznie do tego, jakby u\u017cytkownik odwiedzi\u0142 bezpo\u015brednio konkretn\u0105 witryn\u0119.<\/p>\n\n\n\n<p>Witryny mog\u0105 zbiera\u0107 informacje o tobie, u\u017cywa\u0107 ciasteczek, do\u0142\u0105cza\u0107 dodatkowe, zewn\u0119trzne systemy \u015bledzenia i monitorowa\u0107 twoje interakcje z osadzonym materia\u0142em, w\u0142\u0105czaj\u0105c w to \u015bledzenie twoich interakcji z osadzonym materia\u0142em je\u015bli posiadasz konto i jeste\u015b zalogowany w tamtej witrynie.<\/p>\n\n\n\n<h2 class=\"wp-block-heading\">Z kim dzielimy si\u0119 danymi<\/h2>\n\n\n\n<p>Je\u015bli za\u017c\u0105dasz zresetowania has\u0142a, tw\u00f3j adres IP zostanie do\u0142\u0105czony do wysy\u0142anej wiadomo\u015bci.<\/p>\n\n\n\n<h2 class=\"wp-block-heading\">Jak d\u0142ugo przechowujemy twoje dane<\/h2>\n\n\n\n<p>Je\u015bli zostawisz komentarz, jego tre\u015b\u0107 i metadane b\u0119d\u0105 przechowywane przez czas nieokre\u015blony. Dzi\u0119ki temu jeste\u015bmy w stanie rozpoznawa\u0107 i zatwierdza\u0107 kolejne komentarze automatycznie, bez wysy\u0142ania ich do ka\u017cdorazowej moderacji.<\/p>\n\n\n\n<p>Dla u\u017cytkownik\u00f3w kt\u00f3rzy zarejestrowali si\u0119 na naszej stronie internetowej (je\u015bli tacy s\u0105), przechowujemy r\u00f3wnie\u017c informacje osobiste wprowadzone w profilu. Ka\u017cdy u\u017cytkownik mo\u017ce dokona\u0107 wgl\u0105du, korekty albo skasowa\u0107 swoje informacje osobiste w dowolnej chwili (nie licz\u0105c nazwy u\u017cytkownika, kt\u00f3rej nie mo\u017cna zmieni\u0107). Administratorzy strony r\u00f3wnie\u017c mog\u0105 przegl\u0105da\u0107 i modyfikowa\u0107 te informacje.<\/p>\n\n\n\n<h2 class=\"wp-block-heading\">Jakie masz prawa do swoich danych<\/h2>\n\n\n\n<p>Je\u015bli masz konto u\u017cytkownika albo doda\u0142e\u015b komentarze w tej witrynie, mo\u017cesz za\u017c\u0105da\u0107 dostarczenia pliku z wyeksportowanym kompletem twoich danych osobistych b\u0119d\u0105cych w naszym posiadaniu, w tym ca\u0142o\u015b\u0107 tych dostarczonych przez ciebie. Mo\u017cesz r\u00f3wnie\u017c za\u017c\u0105da\u0107 usuni\u0119cia przez nas ca\u0142o\u015bci twoich danych osobistych w naszym posiadaniu. Nie dotyczy to \u017cadnych danych kt\u00f3re jeste\u015bmy zobligowani zachowa\u0107 ze wzgl\u0119d\u00f3w administracyjnych, prawnych albo bezpiecze\u0144stwa.<\/p>\n\n\n\n<h2 class=\"wp-block-heading\">Gdzie przesy\u0142amy dane<\/h2>\n\n\n\n<p><strong class=\"privacy-policy-tutorial\"> <\/strong>Komentarze go\u015bci mog\u0105 by\u0107 sprawdzane za pomoc\u0105 automatycznej us\u0142ugi wykrywania spamu.<\/p>\n","protected":false},"excerpt":{"rendered":"<p>Kim jeste\u015bmy Serwis https:\/\/konopnamaryska.pl (zwany r\u00f3wnie\u017c: Sklepem lub Sklepem Internetowym), jest w\u0142asno\u015bci\u0105 Gospodarstwa Ogrodniczego Miros\u0142aw Adamczuk, z siedzib\u0105 w Sitaniec Wolica 110, 22-400 Zamo\u015b\u0107, NIP: 9221488387, Regon: 950017203. Kontakt: konopnamaryska@gmail.com lub telefonicznie pod numerem 512 653588 \u2013 w dni robocze w godzinach od 11.00 do 17.00. 1. Dane zbierane przez sklep internetowy Dane zbierane podczas [&hellip;]<\/p>\n","protected":false},"author":1,"featured_media":0,"parent":0,"menu_order":0,"comment_status":"closed","ping_status":"closed","template":"","meta":{"footnotes":""},"class_list":["post-204","page","type-page","status-publish","hentry"],"_links":{"self":[{"href":"https:\/\/konopnamaryska.pl\/index.php\/wp-json\/wp\/v2\/pages\/204"}],"collection":[{"href":"https:\/\/konopnamaryska.pl\/index.php\/wp-json\/wp\/v2\/pages"}],"about":[{"href":"https:\/\/konopnamaryska.pl\/index.php\/wp-json\/wp\/v2\/types\/page"}],"author":[{"embeddable":true,"href":"https:\/\/konopnamaryska.pl\/index.php\/wp-json\/wp\/v2\/users\/1"}],"replies":[{"embeddable":true,"href":"https:\/\/konopnamaryska.pl\/index.php\/wp-json\/wp\/v2\/comments?post=204"}],"version-history":[{"count":4,"href":"https:\/\/konopnamaryska.pl\/index.php\/wp-json\/wp\/v2\/pages\/204\/revisions"}],"predecessor-version":[{"id":251,"href":"https:\/\/konopnamaryska.pl\/index.php\/wp-json\/wp\/v2\/pages\/204\/revisions\/251"}],"wp:attachment":[{"href":"https:\/\/konopnamaryska.pl\/index.php\/wp-json\/wp\/v2\/media?parent=204"}],"curies":[{"name":"wp","href":"https:\/\/api.w.org\/{rel}","templated":true}]}}