{"id":605,"date":"2023-11-24T19:54:43","date_gmt":"2023-11-24T18:54:43","guid":{"rendered":"https:\/\/konopnamaryska.pl\/?post_type=product&#038;p=605"},"modified":"2024-09-02T16:52:03","modified_gmt":"2024-09-02T14:52:03","slug":"swiateczny-zestaw-rozluzniajacy-dla-zaawansowanych-cbd","status":"publish","type":"product","link":"https:\/\/konopnamaryska.pl\/index.php\/product\/swiateczny-zestaw-rozluzniajacy-dla-zaawansowanych-cbd\/","title":{"rendered":"Zestaw rozlu\u017aniaj\u0105cy dla zaawansowanych CBD"},"content":{"rendered":"<p>Zestaw ma\u0142y:<\/p>\n<p>Herbata CBD z ca\u0142ych li\u015bci 40 g<\/p>\n<p>Ekstrakt CBD 25% 10 ml<\/p>\n<p>&nbsp;<\/p>\n<p>Zestaw du\u017cy:<\/p>\n<p>Herbata CBD z ca\u0142ych li\u015bci 100g<\/p>\n<p>Ekstrakt CBD 25% 30 ml<\/p>\n","protected":false},"excerpt":{"rendered":"<p>Zestaw ma\u0142y: Herbata CBD z ca\u0142ych li\u015bci 40 g Ekstrakt CBD 25% 10 ml &nbsp; Zestaw du\u017cy: Herbata CBD z ca\u0142ych li\u015bci 100g Ekstrakt CBD 25% 30 ml<\/p>\n","protected":false},"featured_media":639,"comment_status":"open","ping_status":"closed","template":"","meta":[],"product_cat":[18,33],"product_tag":[36,30,21,52,53,46,49,45,48,42],"class_list":["post-605","product","type-product","status-publish","has-post-thumbnail","hentry","product_cat-uncategorized","product_cat-cbd","product_tag-cbd","product_tag-ekstrakt","product_tag-herbatka","product_tag-miesiaczka","product_tag-na-rozluznienie","product_tag-na-swieta","product_tag-pms","product_tag-prezent","product_tag-rozluznienie","product_tag-zestaw"],"_links":{"self":[{"href":"https:\/\/konopnamaryska.pl\/index.php\/wp-json\/wp\/v3\/product\/605"}],"collection":[{"href":"https:\/\/konopnamaryska.pl\/index.php\/wp-json\/wp\/v3\/product"}],"about":[{"href":"https:\/\/konopnamaryska.pl\/index.php\/wp-json\/wp\/v2\/types\/product"}],"replies":[{"embeddable":true,"href":"https:\/\/konopnamaryska.pl\/index.php\/wp-json\/wp\/v2\/comments?post=605"}],"wp:featuredmedia":[{"embeddable":true,"href":"https:\/\/konopnamaryska.pl\/index.php\/wp-json\/wp\/v2\/media\/639"}],"wp:attachment":[{"href":"https:\/\/konopnamaryska.pl\/index.php\/wp-json\/wp\/v2\/media?parent=605"}],"wp:term":[{"taxonomy":"product_cat","embeddable":true,"href":"https:\/\/konopnamaryska.pl\/index.php\/wp-json\/wp\/v2\/product_cat?post=605"},{"taxonomy":"product_tag","embeddable":true,"href":"https:\/\/konopnamaryska.pl\/index.php\/wp-json\/wp\/v2\/product_tag?post=605"}],"curies":[{"name":"wp","href":"https:\/\/api.w.org\/{rel}","templated":true}]}}